{"id":57,"date":"2020-10-20T15:37:07","date_gmt":"2020-10-20T15:37:07","guid":{"rendered":"http:\/\/hrisakot.is\/?page_id=57"},"modified":"2020-10-21T10:13:32","modified_gmt":"2020-10-21T10:13:32","slug":"geitur-a-islandi","status":"publish","type":"page","link":"https:\/\/hrisakot.is\/?page_id=57","title":{"rendered":"Geitur \u00e1 \u00cdslandi"},"content":{"rendered":"<div class=\"col-sm-6\">\n<p>\u00cdslenska geitin er enn \u00ed \u00fatr\u00fdmingarh\u00e6ttu. A\u00f0eins eru t\u00e6plega 1500 vetrarf\u00f3\u00f0ra\u00f0ar geitur \u00e1 \u00cdslandi, \u00ed r\u00famlega 100 hj\u00f6r\u00f0um. Markmi\u00f0 okkar er a\u00f0 hj\u00e1lpa til vi\u00f0 a\u00f0 vernda tegundina og halda henni \u00e1 l\u00edfi \u00e1 \u00cdslandi. Sl\u00edkt krefst \u00feess a\u00f0 geitin s\u00e9 n\u00fdtt \u00e1 margv\u00edslegan h\u00e1tt.<\/p>\n<p>Geiturnar komu me\u00f0 landn\u00e1msm\u00f6nnum til landsins \u00feegar \u00cdsland bygg\u00f0ist fyrir um 1100 \u00e1rum s\u00ed\u00f0an, eitthva\u00f0 n\u00e6rri \u00e1rinu 870 eftir Krist. Takmarka\u00f0ar uppl\u00fdsingar eru um fj\u00f6lda geita \u00e1 \u00cdslandi fyrr \u00e1 \u00f6ldum. \u00deegar greint var fr\u00e1 b\u00fastofni fyrr \u00e1 \u00f6ldum var yfirleitt ekki ger\u00f0ur greinamunur \u00e1 sau\u00f0f\u00e9 og geitf\u00e9. Geitur hafa \u00fe\u00f3 eflaust veri\u00f0 mikilv\u00e6gar \u00e1 \u00cdslandi \u00e1\u00f0ur fyrr. Fj\u00f6ldi tilvitnana er um geitur \u00ed \u00edslenskum fornb\u00f3kmenntum. \u00cd Eir\u00edks s\u00f6gu rau\u00f0a er \u00feannig nefnt a\u00f0 sp\u00e1konu nokkurri hafi veri\u00f0 ger\u00f0ur \u201egrautur af ki\u00f0jamj\u00f3lk og matb\u00fain hj\u00f6rtu \u00far \u00f6llum kvikindum, \u00feeim sem \u00fear voru til\u201c. Bers\u00fdnilega var \u00fearna um veislubor\u00f0 a\u00f0 r\u00e6\u00f0a.<\/p>\n<p>Geitur voru or\u00f0nar sjaldg\u00e6far \u00e1 \u00cdslandi um mi\u00f0ja n\u00edtj\u00e1ndu \u00f6ld. \u00cd flestum s\u00fdslum landsins voru \u00fe\u00e6r \u00fdmist sjaldg\u00e6far e\u00f0a horfnar. Eing\u00f6ngu \u00ed \u00deingeyjars\u00fdslu var eitthva\u00f0 markt\u00e6kt eftir. \u00c1ri\u00f0 1865 voru a\u00f0eins eftir 263 geitur \u00ed \u00deingeyjars\u00fdslu, og var \u00feessi fj\u00f6ldi um 82% af heildarfj\u00f6lda geita \u00e1 \u00cdslandi.<\/p>\n<\/div>\n","protected":false},"excerpt":{"rendered":"<p>\u00cdslenska geitin er enn \u00ed \u00fatr\u00fdmingarh\u00e6ttu. A\u00f0eins eru t\u00e6plega 1500 [&hellip;]<\/p>\n","protected":false},"author":1,"featured_media":71,"parent":2,"menu_order":0,"comment_status":"closed","ping_status":"closed","template":"","meta":[],"_links":{"self":[{"href":"https:\/\/hrisakot.is\/index.php?rest_route=\/wp\/v2\/pages\/57"}],"collection":[{"href":"https:\/\/hrisakot.is\/index.php?rest_route=\/wp\/v2\/pages"}],"about":[{"href":"https:\/\/hrisakot.is\/index.php?rest_route=\/wp\/v2\/types\/page"}],"author":[{"embeddable":true,"href":"https:\/\/hrisakot.is\/index.php?rest_route=\/wp\/v2\/users\/1"}],"replies":[{"embeddable":true,"href":"https:\/\/hrisakot.is\/index.php?rest_route=%2Fwp%2Fv2%2Fcomments&post=57"}],"version-history":[{"count":2,"href":"https:\/\/hrisakot.is\/index.php?rest_route=\/wp\/v2\/pages\/57\/revisions"}],"predecessor-version":[{"id":80,"href":"https:\/\/hrisakot.is\/index.php?rest_route=\/wp\/v2\/pages\/57\/revisions\/80"}],"up":[{"embeddable":true,"href":"https:\/\/hrisakot.is\/index.php?rest_route=\/wp\/v2\/pages\/2"}],"wp:featuredmedia":[{"embeddable":true,"href":"https:\/\/hrisakot.is\/index.php?rest_route=\/wp\/v2\/media\/71"}],"wp:attachment":[{"href":"https:\/\/hrisakot.is\/index.php?rest_route=%2Fwp%2Fv2%2Fmedia&parent=57"}],"curies":[{"name":"wp","href":"https:\/\/api.w.org\/{rel}","templated":true}]}}